{"id":123,"date":"2018-08-07T15:42:18","date_gmt":"2018-08-07T15:42:18","guid":{"rendered":"http:\/\/www.musikundliteraturkreis-alpen.de\/wordpress\/?page_id=123"},"modified":"2026-04-28T14:14:54","modified_gmt":"2026-04-28T14:14:54","slug":"veranstaltungen","status":"publish","type":"page","link":"https:\/\/www.musikundliteraturkreis-alpen.de\/wordpress\/?page_id=123","title":{"rendered":"Veranstaltungen"},"content":{"rendered":"\n<hr class=\"wp-block-separator has-alpha-channel-opacity is-style-wide\"\/>\n\n\n\n<h2 class=\"wp-block-heading\"><strong>Veranstaltungsprogramm 2026<\/strong><\/h2>\n\n\n\n<p>Am 26. M\u00e4rz 1981 wurde der Musik- und Literaturkreis gegr\u00fcndet und konnte im Jahr 2021 auf ein 40-j\u00e4hriges Wirken zur\u00fcckblicken.<br>Auch im Jahr 2026 hat der Musik- und Literaturkreis Alpen wieder ein f\u00fcr alle Besucherinnen und Besucher ein interessantes Programm zusammengestellt.<br>Den Flyer mit allen Informationen erhalten Sie <strong><a href=\"https:\/\/www.musikundliteraturkreis-alpen.de\/wordpress\/wp-content\/uploads\/2026\/04\/Flyer-2026.pdf\">hier<\/a>.<\/strong> Weitere Infos in der Presse folgen zeitnah zu den einzelnen Veranstaltungen.<\/p>\n\n\n\n<p>_________________________________________________________________<\/p>\n\n\n\n<p>Sie haben die M\u00f6glichkeit, sich bei einem Email-Newsletter zu registrieren, um den Veranstaltungsflyer und alle weiteren Informationen zu den Veranstaltungen per Email zu erhalten. Bitte senden Sie hierzu eine Mail an den Gesch\u00e4ftsf\u00fchrer Andr\u00e9 Emmerichs unter der Email-Adresse: <a href=\"mailto:andre.emmerichs@alpen.de\">andre.emmerichs@alpen.de<\/a> oder nutzen Sie den Vordruck, den Sie <a href=\"https:\/\/www.musikundliteraturkreis-alpen.de\/wordpress\/wp-content\/uploads\/2023\/01\/Einverstaendniserklaerung-zur-Aufnahme-in-den-Email_Verteiler.pdf\" data-type=\"URL\" data-id=\"https:\/\/www.musikundliteraturkreis-alpen.de\/wordpress\/wp-content\/uploads\/2023\/01\/Einverstaendniserklaerung-zur-Aufnahme-in-den-Email_Verteiler.pdf\">hier<\/a> herunterladen k\u00f6nnen.<\/p>\n\n\n\n<p>Der Flyer kann auch per Post versandt werden. Interessierte melden sich bitte ebenfalls beim Gesch\u00e4ftsf\u00fchrer Andr\u00e9 Emmerichs per Mail oder Telefon unter 02802\/912-120.<\/p>\n","protected":false},"excerpt":{"rendered":"<p>Veranstaltungsprogramm 2026 Am 26. M\u00e4rz 1981 wurde der Musik- und Literaturkreis gegr\u00fcndet und konnte im Jahr 2021 auf ein 40-j\u00e4hriges Wirken zur\u00fcckblicken.Auch im Jahr 2026 hat der Musik- und Literaturkreis Alpen wieder ein f\u00fcr alle Besucherinnen und Besucher ein interessantes &hellip; <a href=\"https:\/\/www.musikundliteraturkreis-alpen.de\/wordpress\/?page_id=123\">Weiterlesen <span class=\"meta-nav\">&rarr;<\/span><\/a><\/p>\n","protected":false},"author":1,"featured_media":0,"parent":0,"menu_order":0,"comment_status":"closed","ping_status":"closed","template":"","meta":{"footnotes":""},"class_list":["post-123","page","type-page","status-publish","hentry"],"_links":{"self":[{"href":"https:\/\/www.musikundliteraturkreis-alpen.de\/wordpress\/index.php?rest_route=\/wp\/v2\/pages\/123","targetHints":{"allow":["GET"]}}],"collection":[{"href":"https:\/\/www.musikundliteraturkreis-alpen.de\/wordpress\/index.php?rest_route=\/wp\/v2\/pages"}],"about":[{"href":"https:\/\/www.musikundliteraturkreis-alpen.de\/wordpress\/index.php?rest_route=\/wp\/v2\/types\/page"}],"author":[{"embeddable":true,"href":"https:\/\/www.musikundliteraturkreis-alpen.de\/wordpress\/index.php?rest_route=\/wp\/v2\/users\/1"}],"replies":[{"embeddable":true,"href":"https:\/\/www.musikundliteraturkreis-alpen.de\/wordpress\/index.php?rest_route=%2Fwp%2Fv2%2Fcomments&post=123"}],"version-history":[{"count":116,"href":"https:\/\/www.musikundliteraturkreis-alpen.de\/wordpress\/index.php?rest_route=\/wp\/v2\/pages\/123\/revisions"}],"predecessor-version":[{"id":643,"href":"https:\/\/www.musikundliteraturkreis-alpen.de\/wordpress\/index.php?rest_route=\/wp\/v2\/pages\/123\/revisions\/643"}],"wp:attachment":[{"href":"https:\/\/www.musikundliteraturkreis-alpen.de\/wordpress\/index.php?rest_route=%2Fwp%2Fv2%2Fmedia&parent=123"}],"curies":[{"name":"wp","href":"https:\/\/api.w.org\/{rel}","templated":true}]}}

<hr class="wp-block-separator has-alpha-channel-opacity is-style-wide"/>



<h2 class="wp-block-heading"><strong>Veranstaltungsprogramm 2026</strong></h2>



<p>Am 26. März 1981 wurde der Musik- und Literaturkreis gegründet und konnte im Jahr 2021 auf ein 40-jähriges Wirken zurückblicken.<br>Auch im Jahr 2026 hat der Musik- und Literaturkreis Alpen wieder ein für alle Besucherinnen und Besucher ein interessantes Programm zusammengestellt.<br>Den Flyer mit allen Informationen erhalten Sie <strong><a href="https://www.musikundliteraturkreis-alpen.de/wordpress/wp-content/uploads/2026/04/Flyer-2026.pdf">hier</a>.</strong> Weitere Infos in der Presse folgen zeitnah zu den einzelnen Veranstaltungen.</p>



<p>_________________________________________________________________</p>



<p>Sie haben die Möglichkeit, sich bei einem Email-Newsletter zu registrieren, um den Veranstaltungsflyer und alle weiteren Informationen zu den Veranstaltungen per Email zu erhalten. Bitte senden Sie hierzu eine Mail an den Geschäftsführer André Emmerichs unter der Email-Adresse: <a href="mailto:andre.emmerichs@alpen.de">andre.emmerichs@alpen.de</a> oder nutzen Sie den Vordruck, den Sie <a href="https://www.musikundliteraturkreis-alpen.de/wordpress/wp-content/uploads/2023/01/Einverstaendniserklaerung-zur-Aufnahme-in-den-Email_Verteiler.pdf" data-type="URL" data-id="https://www.musikundliteraturkreis-alpen.de/wordpress/wp-content/uploads/2023/01/Einverstaendniserklaerung-zur-Aufnahme-in-den-Email_Verteiler.pdf">hier</a> herunterladen können.</p>



<p>Der Flyer kann auch per Post versandt werden. Interessierte melden sich bitte ebenfalls beim Geschäftsführer André Emmerichs per Mail oder Telefon unter 02802/912-120.</p>

<p>Veranstaltungsprogramm 2026 Am 26. März 1981 wurde der Musik- und Literaturkreis gegründet und konnte im Jahr 2021 auf ein 40-jähriges Wirken zurückblicken.Auch im Jahr 2026 hat der Musik- und Literaturkreis Alpen wieder ein für alle Besucherinnen und Besucher ein interessantes &hellip; <a href="https://www.musikundliteraturkreis-alpen.de/wordpress/?page_id=123">Weiterlesen <span class="meta-nav">&rarr;</span></a></p>
