{"id":2,"date":"2016-05-10T03:48:21","date_gmt":"2016-05-10T03:48:21","guid":{"rendered":"http:\/\/www.musikundliteraturkreis-alpen.de\/wordpress\/?page_id=2"},"modified":"2018-08-07T14:17:15","modified_gmt":"2018-08-07T14:17:15","slug":"sample-page","status":"publish","type":"page","link":"https:\/\/www.musikundliteraturkreis-alpen.de\/wordpress\/?page_id=2","title":{"rendered":"\u00dcber uns"},"content":{"rendered":"<p>Der Musik- und Literaturkreis Alpen e.V. wurde am 26.M\u00e4rz 1981 gegr\u00fcndet; sein erstes Konzert veranstaltete er am 7. November 1981. Er &#8222;bezweckt die Erweiterung des kulturellen Angebots im Raum Alpen im Bereich der Musik und Literatur &#8211; einschlie\u00dflich B\u00fcchereiwesen&#8220; (\u00a7 2 der Satzung). An seiner Entstehung waren der langj\u00e4hrige Vorsitzende Dr. Hans-Georg Schmitz (Ehrenvorsitzender) und Gemeindedirektor a.D. Franz Sevens ma\u00dfgeblich beteiligt.<\/p>\n<p>Der Musik- und Literaturkreis Alpen l\u00e4dt pro Saison zu 6 bis 8 Veranstaltungen und einem j\u00e4hrlichen &#8222;Highlight&#8220; ein.<\/p>\n<p>Im musikalischen Bereich hat er sich einen hervorragenden Ruf als Veranstalter qualit\u00e4tsvoller kammermusikalischer oder vokaler Abende mit besonderen Programmelementen oder Besetzungen erworben. Hierzu tr\u00e4gt auch der haupts\u00e4chliche Veranstaltungsort, die evangelische Kirche in Alpen als filigraner, akustisch au\u00dferordentlich geschlossener, fr\u00fchbarocker Klangraum bei. Auch die dortige Orgel aus der Werkstatt von Jakob Engelbert Teschemacher (1782) wird immer wieder in Auff\u00fchrungen einbezogen.<\/p>\n<p>Mit \u00e4hnlicher Bereitschaft auch zu Experimentellem und Neuartigem weist das Programm wiederholt literarische und kabarettistische Bestandteile auf.<\/p>\n<p>Seit dem 1.4.1994 ist der Musik- und Literaturkreis dar\u00fcber hinaus Tr\u00e4ger der <a href=\"https:\/\/www.musikundliteraturkreis-alpen.de\/wordpress\/?page_id=59\">&#8222;\u00d6ffentlichen B\u00fccherei in der Gemeinde Alpen&#8220;<\/a>.<\/p>\n","protected":false},"excerpt":{"rendered":"<p>Der Musik- und Literaturkreis Alpen e.V. wurde am 26.M\u00e4rz 1981 gegr\u00fcndet; sein erstes Konzert veranstaltete er am 7. November 1981. Er &#8222;bezweckt die Erweiterung des kulturellen Angebots im Raum Alpen im Bereich der Musik und Literatur &#8211; einschlie\u00dflich B\u00fcchereiwesen&#8220; (\u00a7 &hellip; <a href=\"https:\/\/www.musikundliteraturkreis-alpen.de\/wordpress\/?page_id=2\">Weiterlesen <span class=\"meta-nav\">&rarr;<\/span><\/a><\/p>\n","protected":false},"author":1,"featured_media":0,"parent":0,"menu_order":0,"comment_status":"closed","ping_status":"open","template":"","meta":{"footnotes":""},"class_list":["post-2","page","type-page","status-publish","hentry"],"_links":{"self":[{"href":"https:\/\/www.musikundliteraturkreis-alpen.de\/wordpress\/index.php?rest_route=\/wp\/v2\/pages\/2","targetHints":{"allow":["GET"]}}],"collection":[{"href":"https:\/\/www.musikundliteraturkreis-alpen.de\/wordpress\/index.php?rest_route=\/wp\/v2\/pages"}],"about":[{"href":"https:\/\/www.musikundliteraturkreis-alpen.de\/wordpress\/index.php?rest_route=\/wp\/v2\/types\/page"}],"author":[{"embeddable":true,"href":"https:\/\/www.musikundliteraturkreis-alpen.de\/wordpress\/index.php?rest_route=\/wp\/v2\/users\/1"}],"replies":[{"embeddable":true,"href":"https:\/\/www.musikundliteraturkreis-alpen.de\/wordpress\/index.php?rest_route=%2Fwp%2Fv2%2Fcomments&post=2"}],"version-history":[{"count":7,"href":"https:\/\/www.musikundliteraturkreis-alpen.de\/wordpress\/index.php?rest_route=\/wp\/v2\/pages\/2\/revisions"}],"predecessor-version":[{"id":100,"href":"https:\/\/www.musikundliteraturkreis-alpen.de\/wordpress\/index.php?rest_route=\/wp\/v2\/pages\/2\/revisions\/100"}],"wp:attachment":[{"href":"https:\/\/www.musikundliteraturkreis-alpen.de\/wordpress\/index.php?rest_route=%2Fwp%2Fv2%2Fmedia&parent=2"}],"curies":[{"name":"wp","href":"https:\/\/api.w.org\/{rel}","templated":true}]}}

Über uns

<p>Der Musik- und Literaturkreis Alpen e.V. wurde am 26.März 1981 gegründet; sein erstes Konzert veranstaltete er am 7. November 1981. Er &#8222;bezweckt die Erweiterung des kulturellen Angebots im Raum Alpen im Bereich der Musik und Literatur &#8211; einschließlich Büchereiwesen&#8220; (§ 2 der Satzung). An seiner Entstehung waren der langjährige Vorsitzende Dr. Hans-Georg Schmitz (Ehrenvorsitzender) und Gemeindedirektor a.D. Franz Sevens maßgeblich beteiligt.</p>
<p>Der Musik- und Literaturkreis Alpen lädt pro Saison zu 6 bis 8 Veranstaltungen und einem jährlichen &#8222;Highlight&#8220; ein.</p>
<p>Im musikalischen Bereich hat er sich einen hervorragenden Ruf als Veranstalter qualitätsvoller kammermusikalischer oder vokaler Abende mit besonderen Programmelementen oder Besetzungen erworben. Hierzu trägt auch der hauptsächliche Veranstaltungsort, die evangelische Kirche in Alpen als filigraner, akustisch außerordentlich geschlossener, frühbarocker Klangraum bei. Auch die dortige Orgel aus der Werkstatt von Jakob Engelbert Teschemacher (1782) wird immer wieder in Aufführungen einbezogen.</p>
<p>Mit ähnlicher Bereitschaft auch zu Experimentellem und Neuartigem weist das Programm wiederholt literarische und kabarettistische Bestandteile auf.</p>
<p>Seit dem 1.4.1994 ist der Musik- und Literaturkreis darüber hinaus Träger der <a href="https://www.musikundliteraturkreis-alpen.de/wordpress/?page_id=59">&#8222;Öffentlichen Bücherei in der Gemeinde Alpen&#8220;</a>.</p>

<p>Der Musik- und Literaturkreis Alpen e.V. wurde am 26.März 1981 gegründet; sein erstes Konzert veranstaltete er am 7. November 1981. Er &#8222;bezweckt die Erweiterung des kulturellen Angebots im Raum Alpen im Bereich der Musik und Literatur &#8211; einschließlich Büchereiwesen&#8220; (§ &hellip; <a href="https://www.musikundliteraturkreis-alpen.de/wordpress/?page_id=2">Weiterlesen <span class="meta-nav">&rarr;</span></a></p>
