{"id":35,"date":"2018-05-31T18:55:00","date_gmt":"2018-05-31T18:55:00","guid":{"rendered":"http:\/\/www.musikundliteraturkreis-alpen.de\/wordpress\/?page_id=35"},"modified":"2024-05-20T10:24:34","modified_gmt":"2024-05-20T10:24:34","slug":"vorstand","status":"publish","type":"page","link":"https:\/\/www.musikundliteraturkreis-alpen.de\/wordpress\/?page_id=35","title":{"rendered":"Vorstand"},"content":{"rendered":"<p>Gem\u00e4\u00df \u00a7 9 der Vereinssatzung wird der Vorstand f\u00fcr jeweils 2 Jahre durch die Mitgliederversammlung gew\u00e4hlt.<\/p>\n<p>Lt. Beschluss der Mitgliederversammlung vom 07.09.2017 wurde Herr Dr. Hans-Georg Schmitz f\u00fcr seine Verdienste um die F\u00f6rderung und den Erhalt der Kultur in der Gemeinde Alpen zum Ehrenvorsitzenden des Musik- und Literaturkreis Alpen ernannt.<\/p>\n<p>Der Vorstand bildet sich wie folgt:<\/p>\n<table width=\"412\">\n<tbody>\n<tr>\n<td width=\"196\"><strong>Vorsitzende<\/strong><\/p>\n<p>Kerstin Pieper<br \/>\nF\u00fcrst-Bentheim-Stra\u00dfe 27<br \/>\n46519 Alpen<br \/>\nTel. 02802\/1600<\/td>\n<td><strong>2. Vorsitzender<\/strong><\/p>\n<p>Klaus Sch\u00e4pers<br \/>\nAlte Stra\u00dfe 64<br \/>\n46519 Alpen<br \/>\nTel. 02802\/9463920<\/td>\n<\/tr>\n<tr>\n<td width=\"196\"><strong>Gesch\u00e4ftsf\u00fchrer<\/strong><\/p>\n<p>Andr\u00e9 Emmerichs<br \/>\nAn den Teichen 1 c<br \/>\n46519 Alpen<br \/>\nTel. 02802\/912120<\/p>\n<p>Mobil 0160\/90450814<\/td>\n<td><strong>Schatzmeisterin<\/strong><\/p>\n<p>Anna Waldermann<\/td>\n<\/tr>\n<tr>\n<td width=\"196\"><strong>Beisitzer<\/strong><\/p>\n<p>Dr. Hartmut Becks<br \/>\nAn der Vorburg 2<br \/>\n46519 Alpen<br \/>\nTel. 02802\/2492\/4140<\/td>\n<td>&nbsp;<\/p>\n<p>&nbsp;<\/p>\n<p>&nbsp;<\/td>\n<\/tr>\n<tr>\n<td width=\"196\"><strong>Beisitzerin<\/strong><\/p>\n<p>Mechthild Heiming<br \/>\nFriedgart Radloff<\/td>\n<td><strong>K\u00fcnstlerischer Beirat<\/strong><\/td>\n<\/tr>\n<\/tbody>\n<\/table>\n<p><!--more--><\/p>\n","protected":false},"excerpt":{"rendered":"<p>Gem\u00e4\u00df \u00a7 9 der Vereinssatzung wird der Vorstand f\u00fcr jeweils 2 Jahre durch die Mitgliederversammlung gew\u00e4hlt. Lt. Beschluss der Mitgliederversammlung vom 07.09.2017 wurde Herr Dr. Hans-Georg Schmitz f\u00fcr seine Verdienste um die F\u00f6rderung und den Erhalt der Kultur in der &hellip; <a href=\"https:\/\/www.musikundliteraturkreis-alpen.de\/wordpress\/?page_id=35\">Weiterlesen <span class=\"meta-nav\">&rarr;<\/span><\/a><\/p>\n","protected":false},"author":1,"featured_media":0,"parent":0,"menu_order":0,"comment_status":"closed","ping_status":"closed","template":"","meta":{"footnotes":""},"class_list":["post-35","page","type-page","status-publish","hentry"],"_links":{"self":[{"href":"https:\/\/www.musikundliteraturkreis-alpen.de\/wordpress\/index.php?rest_route=\/wp\/v2\/pages\/35","targetHints":{"allow":["GET"]}}],"collection":[{"href":"https:\/\/www.musikundliteraturkreis-alpen.de\/wordpress\/index.php?rest_route=\/wp\/v2\/pages"}],"about":[{"href":"https:\/\/www.musikundliteraturkreis-alpen.de\/wordpress\/index.php?rest_route=\/wp\/v2\/types\/page"}],"author":[{"embeddable":true,"href":"https:\/\/www.musikundliteraturkreis-alpen.de\/wordpress\/index.php?rest_route=\/wp\/v2\/users\/1"}],"replies":[{"embeddable":true,"href":"https:\/\/www.musikundliteraturkreis-alpen.de\/wordpress\/index.php?rest_route=%2Fwp%2Fv2%2Fcomments&post=35"}],"version-history":[{"count":9,"href":"https:\/\/www.musikundliteraturkreis-alpen.de\/wordpress\/index.php?rest_route=\/wp\/v2\/pages\/35\/revisions"}],"predecessor-version":[{"id":521,"href":"https:\/\/www.musikundliteraturkreis-alpen.de\/wordpress\/index.php?rest_route=\/wp\/v2\/pages\/35\/revisions\/521"}],"wp:attachment":[{"href":"https:\/\/www.musikundliteraturkreis-alpen.de\/wordpress\/index.php?rest_route=%2Fwp%2Fv2%2Fmedia&parent=35"}],"curies":[{"name":"wp","href":"https:\/\/api.w.org\/{rel}","templated":true}]}}